 60958. Determine n(-38).
-108
Let n(x) = -x**3 + 38*x**2 - 359*x + 35. Determine n(22).
-119
Let l(g) = -10*g**3 - 468*g**2 + 182*g + 4139. What is l(-47)?
3
Let o(f) = 4*f**3 - 392*f**2 + 2635*f - 217966. Give o(97).
-7
Let p(i) = -49951*i - 249632. Give p(-5).
123
Let y(c) = 2443*c**2 + 19476*c + 4. Give y(-8).
548
Let c(v) = 711*v - 51189. What is c(72)?
3
Let k(s) = 1325*s + 922198. What is k(-696)?
-2
Let b(v) = -431*v - 112915. Calculate b(-262).
7
Let a(v) = v**3 + 8*v**2 - 153*v - 1707. Determine a(-18).
-2193
Let x(v) = -10*v**2 - 245*v - 1385. Determine x(-16).
-25
Let h(t) = 749*t + 203351. Give h(-271).
372
Let r(x) = -17*x**2 - 237*x - 9. Give r(-13).
199
Let v(d) = -d**3 - 45*d**2 - 234*d + 122. Give v(-6).
122
Let c(v) = v**3 - 526*v + 52. What is c(-23)?
-17
Let v(m) = 1266*m + 76684. Calculate v(-61).
-542
Let k(x) = -x**2 - 3106*x + 2494417. Determine k(662).
1
Let p(j) = 1586*j**2 + 6712*j + 22. Give p(-4).
-1450
Let j(o) = 2*o**3 - 33*o**2 - 16*o - 653. Give j(18).
31
Let a(o) = -3*o**2 + 7613*o - 225688. Determine a(30).
2
Let h(u) = -2*u**3 - 36*u**2 - 298*u - 1403. Calculate h(-10).
-23
Let f(v) = 2834*v + 25539. Calculate f(-9).
33
Let s(v) = -2588*v - 26036. Give s(-10).
-156
Let v(r) = r**3 - 59*r**2 - 442*r - 1342. Calculate v(66).
-22
Let i(r) = 3178*r + 139796. Determine i(-44).
-36
Let v(z) = 3185*z + 15943. What is v(-5)?
18
Let m(i) = 114608*i - 573042. Determine m(5).
-2
Let f(i) = -7*i**2 - 1049*i + 5616. Determine f(-155).
36
Let p(j) = j**3 - 708*j**2 + 25929*j + 108387. Give p(669).
9
Let t(i) = -2324*i + 33994. Calculate t(14).
1458
Let q(j) = -j**2 - 718*j - 24389. What is q(-36)?
163
Let c(o) = o**3 + 43*o**2 - 26*o + 27. Determine c(-43).
1145
Let x(l) = 213354*l - 10241003. Determine x(48).
-11
Let j(k) = 124*k + 9518. Give j(-80).
-402
Let b(u) = -u**3 + 111*u**2 + 6397*u - 1221. Calculate b(-42).
-3
Let n(o) = -7776*o - 404493. Calculate n(-52).
-141
Let o(q) = 290*q**2 - 1427*q - 152. Determine o(5).
-37
Let g(s) = 142411*s + 3987497. What is g(-28)?
-11
Let p(b) = 19803*b + 158424. Calculate p(-8).
0
Let l(n) = n**3 - 77*n**2 - 106*n + 41722. Determine l(70).
2
Let o(k) = k**2 - 5*k - 27. Determine o(7).
-13
Let o(v) = -10*v**3 - 201*v**2 + 665*v - 325. Give o(-23).
-279
Let d(c) = c**3 - 34*c**2 + 342*c - 120. Calculate d(27).
4011
Let m(a) = 12*a**2 - 4620*a - 23395. Calculate m(-5).
5
Let m(l) = -3*l**2 + 450*l + 16100. What is m(-30)?
-100
Let j(a) = -a**3 + 135*a**2 + 3261*a - 409216. Determine j(137).
3
Let b(t) = t**2 - 156*t - 14397. Determine b(-66).
255
Let g(a) = -2*a**2 - 249*a - 7577. Determine g(-57).
118
Let h(n) = -596*n**2 + 31553*n + 1830. Determine h(53).
-25
Let w(r) = -44*r**3 - 28380*r**2 + 4*r + 2679. Calculate w(-645).
99
Let d(m) = -3*m**3 + 65*m**2 + 181*m - 9. Calculate d(-3).
114
Let d(a) = 24*a**3 - 311*a**2 - 452*a + 5714. Give d(13).
7
Let t(g) = g**3 + 22*g**2 - 189*g - 1664. Give t(-6).
46
Let w(r) = -5*r**3 - 516*r**2 + 2028*r - 513. What is w(-107)?
22
Let x(g) = -g**3 - 24*g**2 + 21*g - 5150. What is x(-30)?
-380
Let x(c) = -52852*c - 422814. Determine x(-8).
2
Let u(s) = 112912*s + 677466. Give u(-6).
-6
Let v(z) = -38*z**2 + 19*z - 43. Calculate v(-2).
-233
Let c(h) = 5*h**2 - 2765*h + 363964. Calculate c(216).
4
Let a(j) = -2207*j - 12717. What is a(-6)?
525
Let d(r) = -3496*r + 5492209. Give d(1571).
-7
Let t(k) = 3*k**3 + 140*k**2 + 138*k + 2113. What is t(-46)?
-3
Let m(g) = 37*g**2 - 35*g + 8. Determine m(-5).
1108
Let b(p) = -7*p**2 - 58*p - 80. What is b(-5)?
35
Let t(f) = -4*f**2 - 26577*f + 399553. Give t(15).
-2
Let t(v) = 7*v**2 + 356*v - 2032. Calculate t(-56).
-16
Let b(q) = -46*q**2 + 272*q + 6266. Give b(15).
-4
Let f(j) = j**3 - 91*j**2 - 1592*j + 179. Calculate f(106).
-33
Let p(w) = -w**3 - 1017*w**2 - 15054*w - 370. Determine p(-15).
-10
Let x(v) = -2*v**2 + 702*v - 18690. What is x(322)?
-14
Let n(d) = 10*d**2 + 1228*d + 27100. Determine n(-94).
28
Let x(k) = -k**3 - 622*k + 5498. Calculate x(8).
10
Let a(p) = -126*p**2 - 3052*p - 15178. Calculate a(-7).
12
Let j(b) = 5*b**2 + 20*b - 24. What is j(1)?
1
Let s(w) = w**2 - 24055*w - 288806. Determine s(-12).
-2
Let y(m) = m**2 + 4825*m + 58030. Give y(-12).
274
Let y(v) = 31167*v - 31183. What is y(1)?
-16
Let q(f) = 6*f**2 - 758*f + 8229. What is q(11)?
617
Let o(r) = 4*r**3 + 3601*r**2 + 940*r + 36001. Determine o(-900).
1
Let h(i) = 125*i + 10175. What is h(-82)?
-75
Let m(g) = g**2 - 1501*g - 388361. Give m(-225).
-11
Let b(j) = 2*j**3 - 145*j**2 + 49*j + 1661. Calculate b(72).
5
Let p(w) = -w**3 - 44*w**2 + 884*w + 300. Calculate p(-59).
359
Let v(a) = 6*a**3 + 773*a**2 - 769*a - 4. Give v(1).
6
Let c(x) = -x**3 - 6*x**2 + 1562*x + 1080. Calculate c(37).
7
Let j(d) = -107*d**2 - 9860*d - 1462. Determine j(-92).
10
Let g(a) = -14019*a + 1000. Calculate g(0).
1000
Let u(a) = 147*a**2 - 897*a + 5358. Calculate u(6).
5268
Let g(b) = -b**2 + 56696*b + 3. What is g(0)?
3
Let m(k) = 117*k**3 + 73*k**2 + 85*k + 14. Calculate m(-1).
-115
Let o(l) = 5901*l - 20074. Determine o(3).
-2371
Let n(l) = -l**3 + 23*l**2 - 84*l + 196. Calculate n(19).
44
Let n(b) = 12*b**3 + 46*b**2 + 19944*b + 79786. Give n(-4).
-22
Let y(b) = 443*b**2 - 111242*b + 12312. Calculate y(251).
13
Let s(a) = a**3 + 36*a**2 + 169*a + 1157. What is s(-31)?
723
Let p(w) = -5*w**3 + 8*w**2 + 235*w + 403. Calculate p(-2).
5
Let w(c) = -c**3 - 9*c**2 + 485*c + 3484. Calculate w(-7).
-9
Let g(m) = -11*m**3 + 5*m**2 - 66*m + 168. Calculate g(3).
-282
Let j(i) = 4577*i - 137409. Give j(30).
-99
Let c(o) = 4408*o + 61715. Calculate c(-14).
3
Let t(h) = -430*h + 2523. Determine t(6).
-57
Let g(z) = -z**2 + 144003*z + 864056. Give g(-6).
2
Let x(k) = 5219*k - 334386. Calculate x(64).
-370
Let a(q) = -2*q**2 + 12084*q + 695292. Give a(-57).
6
Let y(q) = -3783*q - 230781. Give y(-61).
-18
Let q(l) = -l**3 - 21*l**2 + 562*l + 10721. Calculate q(-17).
11
Let w(q) = q**2 - 4038*q + 262153. Give w(66).
1
Let s(b) = -1943*b + 10764. Determine s(6).
-894
Let u(w) = -6*w**3 - 1629*w**2 + 824*w + 2184. What is u(-272)?
8
Let k(r) = -r**2 - 706*r - 16383. Calculate k(-24).
-15
Let g(m) = -51*m**3 + 4*m**2 + 3*m + 19. Determine g(-3).
1423
Let f(s) = -4588*s - 629315. Calculate f(-137).
-759
Let d(x) = -x**3 + 22*x**2 + 162*x - 1864. Calculate d(25).
311
Let o(q) = 4*q**3 + 321*q**2 + 1780*q. Calculate o(-6).
12
Let s(u) = -9*u**2 - 604*u + 6029. Determine s(9).
-136
Let t(k) = -10693*k + 213992. Calculate t(20).
132
Let w(v) = -v**3 + 5*v**2 + 8*v + 203. Give w(0).
203
Let i(f) = -5*f**3 - 17*f**2 + 254*f - 236. Calculate i(1).
-4
Let h(r) = r**3 + r**2 + 94*r - 223. What is h(3)?
95
Let w(b) = 834*b + 20534. Give w(-26).
-1150
Let j(a) = 2160*a - 12966. What is j(6)?
-6
Let f(b) = -4*b**2 - 18894*b - 150887. What is f(-8)?
9
Let i(j) = 3731*j - 44219. What is i(12)?
553
Let l(t) = t**2 + 5813*t + 93057. What is l(-16)?
305
Let o(u) = 58*u**2 - 1218*u + 190. What is o(21)?
190
Let m(o) = -1502*o + 9016. Determine m(6).
4
Let l(m) = 7*m**3 + 44*m**2 - 170*m - 60. What is l(5)?
1065
Let i(d) = 160*d - 1250. Give i(7).
-130
Let k(y) = -y**2 + 79*y + 794. Determine k(-9).
2
Let b(c) = 353*c - 17165. Calculate b(49).
132
Let j(m) = -2*m**2 - 3636*m + 160063. Calculate j(43).
17
Let x(p) = 502*p + 9921. Give x(-15).
2391
Let b(i) = -111889*i + 559405. Calculate b(5).
-40
Let s(m) = -2*m**2 - 151*m - 130. Calculate s(0).
-130
Let h(q) = 30*q + 5015. Calculate h(-163).
125
Let i(v) = -1234*v + 803. Give i(2).
-1665
Let u(t) = -5*t**3 - 32*t**2 + 1329*t + 2503. What is u(-19)?
-5
Let i(l) = -2*l**2 + 134*l - 1982. Calculate i(26).
150
Let f(l) = -89*l**3 - 68*l**2 - 3*l - 19. Give f(0).
-19
Let u(v) = 10267*v + 30851. Give u(-3).
50
Let i(v) = v**3 - 19*v**2 - 43*v - 33. Give i(22).
473
Let d(w) = 693*w + 93747. Calculate d(-139).
-2580
Let b(c) = 80*c**2 - 25376*c - 45940. What is b(319)?
-4
Let j(p) = -3*p**2 - 803*p + 17880. What is j(21)?
-306
Let q(x) = 2366*x - 7111. Determine q(3).
-13
Let t(s) = -5*s**2 + 1368*s - 5521. Determine t(4).
-129
Let q(h) = 830*h + 25370. Determine q(-31).
-360
Let p(u) = -u**3 + 43*u**2 - 142*u - 2234. Calculate p(11).
76
Let s(u) = -4*u**2 - 769*u - 36953. What is s(-95)?
2
Let k(m) = -7*m**3 + 22*m**2 + m + 99. Gi